
{"id":71,"date":"2025-11-01T21:54:31","date_gmt":"2025-11-01T21:54:31","guid":{"rendered":"https:\/\/mysmart.ba\/?page_id=71"},"modified":"2025-12-10T22:31:24","modified_gmt":"2025-12-10T22:31:24","slug":"bezicne-svjetiljke","status":"publish","type":"page","link":"https:\/\/mysmart.ba\/index.php\/smart-life\/bezicne-svjetiljke\/","title":{"rendered":"Be\u017ei\u010dne svjetiljke"},"content":{"rendered":"\n<div class=\"wp-block-group is-layout-constrained wp-container-core-group-is-layout-7a3688e9 wp-block-group-is-layout-constrained\">\n<div style=\"height:50px\" aria-hidden=\"true\" class=\"wp-block-spacer\"><\/div>\n\n\n\n<h2 class=\"wp-block-heading category-area-title has-figtree-font-family has-large-font-size\">Be\u017ei\u010dne svjetiljke<\/h2>\n\n\n\n<div class=\"wp-block-columns are-vertically-aligned-center is-layout-flex wp-container-core-columns-is-layout-28f84493 wp-block-columns-is-layout-flex\">\n<div class=\"wp-block-column is-vertically-aligned-center is-layout-flow wp-block-column-is-layout-flow\">\n<div class=\"wp-block-group category-area wow pulse animated is-layout-constrained wp-block-group-is-layout-constrained\">\n<figure class=\"wp-block-image size-full is-resized has-custom-border\"><img loading=\"lazy\" decoding=\"async\" width=\"768\" height=\"1152\" src=\"https:\/\/mysmart.ba\/wp-content\/uploads\/2025\/11\/UG-JB-01-1.jpg\" alt=\"\" class=\"wp-image-72\" style=\"border-radius:15px;width:auto;height:250px\" srcset=\"https:\/\/mysmart.ba\/wp-content\/uploads\/2025\/11\/UG-JB-01-1.jpg 768w, https:\/\/mysmart.ba\/wp-content\/uploads\/2025\/11\/UG-JB-01-1-200x300.jpg 200w, https:\/\/mysmart.ba\/wp-content\/uploads\/2025\/11\/UG-JB-01-1-683x1024.jpg 683w\" sizes=\"auto, (max-width: 768px) 100vw, 768px\" \/><\/figure>\n\n\n\n<div class=\"wp-block-buttons category-area-btn is-content-justification-center is-layout-flex wp-container-core-buttons-is-layout-a89b3969 wp-block-buttons-is-layout-flex\">\n<div class=\"wp-block-button\"><a class=\"wp-block-button__link has-background-color has-accent-background-color has-text-color has-background has-link-color has-figtree-font-family wp-element-button\" style=\"border-radius:5px;letter-spacing:0px;text-transform:uppercase\"><strong>59,00 + pdv<\/strong><\/a><\/div>\n<\/div>\n<\/div>\n\n\n\n<h2 class=\"wp-block-heading has-text-align-center has-black-color has-text-color has-link-color has-figtree-font-family wp-elements-991a6213057519140c3fca0c4c5b9164\" style=\"font-size:22px;font-style:normal;font-weight:500\">JB 01<\/h2>\n<\/div>\n\n\n\n<div class=\"wp-block-column is-vertically-aligned-center is-layout-flow wp-block-column-is-layout-flow\">\n<div class=\"wp-block-group category-area wow pulse animated is-layout-constrained wp-block-group-is-layout-constrained\">\n<figure class=\"wp-block-image size-full has-custom-border\"><img loading=\"lazy\" decoding=\"async\" width=\"768\" height=\"1152\" src=\"https:\/\/mysmart.ba\/wp-content\/uploads\/2025\/11\/UG-JB-05-Bijela.jpg\" alt=\"\" class=\"wp-image-73\" style=\"border-radius:15px\" srcset=\"https:\/\/mysmart.ba\/wp-content\/uploads\/2025\/11\/UG-JB-05-Bijela.jpg 768w, https:\/\/mysmart.ba\/wp-content\/uploads\/2025\/11\/UG-JB-05-Bijela-200x300.jpg 200w, https:\/\/mysmart.ba\/wp-content\/uploads\/2025\/11\/UG-JB-05-Bijela-683x1024.jpg 683w\" sizes=\"auto, (max-width: 768px) 100vw, 768px\" \/><\/figure>\n\n\n\n<div class=\"wp-block-buttons category-area-btn is-content-justification-center is-layout-flex wp-container-core-buttons-is-layout-a89b3969 wp-block-buttons-is-layout-flex\">\n<div class=\"wp-block-button\"><a class=\"wp-block-button__link has-background-color has-accent-background-color has-text-color has-background has-link-color has-figtree-font-family wp-element-button\" style=\"border-radius:5px;letter-spacing:0px;text-transform:uppercase\"><strong>89,00 + pdv<\/strong><\/a><\/div>\n<\/div>\n<\/div>\n\n\n\n<h2 class=\"wp-block-heading has-text-align-center has-black-color has-text-color has-link-color has-figtree-font-family wp-elements-1a106641e55a4393309c5b82915c0a62\" style=\"font-size:22px;font-style:normal;font-weight:500\">JB 05<\/h2>\n<\/div>\n\n\n\n<div class=\"wp-block-column is-vertically-aligned-center is-layout-flow wp-block-column-is-layout-flow\">\n<div class=\"wp-block-group category-area wow pulse animated is-layout-constrained wp-block-group-is-layout-constrained\">\n<figure class=\"wp-block-image size-full has-custom-border\"><img loading=\"lazy\" decoding=\"async\" width=\"768\" height=\"1152\" src=\"https:\/\/mysmart.ba\/wp-content\/uploads\/2025\/11\/UG-JB-09-Crna.jpg\" alt=\"\" class=\"wp-image-74\" style=\"border-radius:15px\" srcset=\"https:\/\/mysmart.ba\/wp-content\/uploads\/2025\/11\/UG-JB-09-Crna.jpg 768w, https:\/\/mysmart.ba\/wp-content\/uploads\/2025\/11\/UG-JB-09-Crna-200x300.jpg 200w, https:\/\/mysmart.ba\/wp-content\/uploads\/2025\/11\/UG-JB-09-Crna-683x1024.jpg 683w\" sizes=\"auto, (max-width: 768px) 100vw, 768px\" \/><\/figure>\n\n\n\n<div class=\"wp-block-buttons category-area-btn is-content-justification-center is-layout-flex wp-container-core-buttons-is-layout-a89b3969 wp-block-buttons-is-layout-flex\">\n<div class=\"wp-block-button\"><a class=\"wp-block-button__link has-background-color has-accent-background-color has-text-color has-background has-link-color has-figtree-font-family wp-element-button\" style=\"border-radius:5px;letter-spacing:0px;text-transform:uppercase\"><strong>69,00+pdv<\/strong><\/a><\/div>\n<\/div>\n<\/div>\n\n\n\n<h2 class=\"wp-block-heading has-text-align-center has-black-color has-text-color has-link-color has-figtree-font-family wp-elements-882f0c01e8b661deedf6286230b25ba5\" style=\"font-size:22px;font-style:normal;font-weight:500\">JB 09<\/h2>\n<\/div>\n\n\n\n<div class=\"wp-block-column is-vertically-aligned-center is-layout-flow wp-block-column-is-layout-flow\">\n<div class=\"wp-block-group category-area wow pulse animated is-layout-constrained wp-block-group-is-layout-constrained\">\n<figure class=\"wp-block-image size-full has-custom-border\"><img loading=\"lazy\" decoding=\"async\" width=\"768\" height=\"1152\" src=\"https:\/\/mysmart.ba\/wp-content\/uploads\/2025\/11\/UG-JB-14-Bronza.jpg\" alt=\"\" class=\"wp-image-75\" style=\"border-radius:15px\" srcset=\"https:\/\/mysmart.ba\/wp-content\/uploads\/2025\/11\/UG-JB-14-Bronza.jpg 768w, https:\/\/mysmart.ba\/wp-content\/uploads\/2025\/11\/UG-JB-14-Bronza-200x300.jpg 200w, https:\/\/mysmart.ba\/wp-content\/uploads\/2025\/11\/UG-JB-14-Bronza-683x1024.jpg 683w\" sizes=\"auto, (max-width: 768px) 100vw, 768px\" \/><\/figure>\n\n\n\n<div class=\"wp-block-buttons category-area-btn is-content-justification-center is-layout-flex wp-container-core-buttons-is-layout-a89b3969 wp-block-buttons-is-layout-flex\">\n<div class=\"wp-block-button\"><a class=\"wp-block-button__link has-background-color has-accent-background-color has-text-color has-background has-link-color has-figtree-font-family wp-element-button\" style=\"border-radius:5px;letter-spacing:0px;text-transform:uppercase\"><strong>119,00+pdv<\/strong><\/a><\/div>\n<\/div>\n<\/div>\n\n\n\n<h2 class=\"wp-block-heading has-text-align-center has-black-color has-text-color has-link-color has-figtree-font-family wp-elements-abffe1064adfbd72fc1435f10e5c8f17\" style=\"font-size:22px;font-style:normal;font-weight:500\">JB 14<\/h2>\n<\/div>\n<\/div>\n\n\n\n<div class=\"wp-block-columns are-vertically-aligned-center is-layout-flex wp-container-core-columns-is-layout-28f84493 wp-block-columns-is-layout-flex\">\n<div class=\"wp-block-column is-vertically-aligned-center is-layout-flow wp-block-column-is-layout-flow\">\n<div class=\"wp-block-group category-area wow pulse animated is-layout-constrained wp-block-group-is-layout-constrained\">\n<figure class=\"wp-block-image size-full has-custom-border\"><img loading=\"lazy\" decoding=\"async\" width=\"768\" height=\"1152\" src=\"https:\/\/mysmart.ba\/wp-content\/uploads\/2025\/11\/JB-16-SVECA-768x1152-1.jpg\" alt=\"\" class=\"wp-image-76\" style=\"border-radius:15px\" srcset=\"https:\/\/mysmart.ba\/wp-content\/uploads\/2025\/11\/JB-16-SVECA-768x1152-1.jpg 768w, https:\/\/mysmart.ba\/wp-content\/uploads\/2025\/11\/JB-16-SVECA-768x1152-1-200x300.jpg 200w, https:\/\/mysmart.ba\/wp-content\/uploads\/2025\/11\/JB-16-SVECA-768x1152-1-683x1024.jpg 683w\" sizes=\"auto, (max-width: 768px) 100vw, 768px\" \/><\/figure>\n\n\n\n<div class=\"wp-block-buttons category-area-btn is-content-justification-center is-layout-flex wp-container-core-buttons-is-layout-a89b3969 wp-block-buttons-is-layout-flex\">\n<div class=\"wp-block-button\"><a class=\"wp-block-button__link has-background-color has-accent-background-color has-text-color has-background has-link-color has-figtree-font-family wp-element-button\" style=\"border-radius:5px;letter-spacing:0px;text-transform:uppercase\"><strong>69,00+pdv<\/strong><\/a><\/div>\n<\/div>\n<\/div>\n\n\n\n<h2 class=\"wp-block-heading has-text-align-center has-black-color has-text-color has-link-color has-figtree-font-family wp-elements-d061e9db42d5381fbceac3534d6c8619\" style=\"font-size:22px;font-style:normal;font-weight:500\">JB 16 Svije\u0107a<\/h2>\n<\/div>\n\n\n\n<div class=\"wp-block-column is-vertically-aligned-center is-layout-flow wp-block-column-is-layout-flow\">\n<div class=\"wp-block-group category-area wow pulse animated is-layout-constrained wp-block-group-is-layout-constrained\">\n<figure class=\"wp-block-image size-full has-custom-border\"><img loading=\"lazy\" decoding=\"async\" width=\"350\" height=\"350\" src=\"https:\/\/mysmart.ba\/wp-content\/uploads\/2025\/11\/Kocka-lampa.jpg\" alt=\"\" class=\"wp-image-77\" style=\"border-radius:15px;aspect-ratio:2\/3;object-fit:cover\" srcset=\"https:\/\/mysmart.ba\/wp-content\/uploads\/2025\/11\/Kocka-lampa.jpg 350w, https:\/\/mysmart.ba\/wp-content\/uploads\/2025\/11\/Kocka-lampa-300x300.jpg 300w, https:\/\/mysmart.ba\/wp-content\/uploads\/2025\/11\/Kocka-lampa-150x150.jpg 150w\" sizes=\"auto, (max-width: 350px) 100vw, 350px\" \/><\/figure>\n\n\n\n<div class=\"wp-block-buttons category-area-btn is-content-justification-center is-layout-flex wp-container-core-buttons-is-layout-a89b3969 wp-block-buttons-is-layout-flex\">\n<div class=\"wp-block-button\"><a class=\"wp-block-button__link has-background-color has-accent-background-color has-text-color has-background has-link-color has-figtree-font-family wp-element-button\" style=\"border-radius:5px;letter-spacing:0px;text-transform:uppercase\"><strong>269,00+pdv<\/strong><\/a><\/div>\n<\/div>\n<\/div>\n\n\n\n<h2 class=\"wp-block-heading has-text-align-center has-black-color has-text-color has-link-color has-figtree-font-family wp-elements-5ee7cc146c998b48e60b3b52c653269c\" style=\"font-size:22px;font-style:normal;font-weight:500\">LED Kocka<\/h2>\n<\/div>\n\n\n\n<div class=\"wp-block-column is-vertically-aligned-center is-layout-flow wp-block-column-is-layout-flow\">\n<div class=\"wp-block-group category-area wow pulse animated is-layout-constrained wp-block-group-is-layout-constrained\">\n<figure class=\"wp-block-image size-full has-custom-border\"><img loading=\"lazy\" decoding=\"async\" width=\"768\" height=\"1152\" src=\"https:\/\/mysmart.ba\/wp-content\/uploads\/2025\/11\/Zidna-bedside-lampa-768x1152-1.jpg\" alt=\"\" class=\"wp-image-78\" style=\"border-radius:15px\" srcset=\"https:\/\/mysmart.ba\/wp-content\/uploads\/2025\/11\/Zidna-bedside-lampa-768x1152-1.jpg 768w, https:\/\/mysmart.ba\/wp-content\/uploads\/2025\/11\/Zidna-bedside-lampa-768x1152-1-200x300.jpg 200w, https:\/\/mysmart.ba\/wp-content\/uploads\/2025\/11\/Zidna-bedside-lampa-768x1152-1-683x1024.jpg 683w\" sizes=\"auto, (max-width: 768px) 100vw, 768px\" \/><\/figure>\n\n\n\n<div class=\"wp-block-buttons category-area-btn is-content-justification-center is-layout-flex wp-container-core-buttons-is-layout-a89b3969 wp-block-buttons-is-layout-flex\">\n<div class=\"wp-block-button\"><a class=\"wp-block-button__link has-background-color has-accent-background-color has-text-color has-background has-link-color has-figtree-font-family wp-element-button\" style=\"border-radius:5px;letter-spacing:0px;text-transform:uppercase\"><strong>149,00+pdv<\/strong><\/a><\/div>\n<\/div>\n<\/div>\n\n\n\n<h2 class=\"wp-block-heading has-text-align-center has-black-color has-text-color has-link-color has-figtree-font-family wp-elements-fbe51f5b8719031635e6b81cbf7c8da5\" style=\"font-size:22px;font-style:normal;font-weight:500\">Zidna Bedside<\/h2>\n<\/div>\n\n\n\n<div class=\"wp-block-column is-vertically-aligned-center is-layout-flow wp-block-column-is-layout-flow\">\n<div class=\"wp-block-group category-area wow pulse animated is-layout-constrained wp-block-group-is-layout-constrained\">\n<figure class=\"wp-block-image size-full has-custom-border\"><img loading=\"lazy\" decoding=\"async\" width=\"768\" height=\"1152\" src=\"https:\/\/mysmart.ba\/wp-content\/uploads\/2025\/11\/SVETLO-ZA-BILJKE-768x1152-1.jpg\" alt=\"\" class=\"wp-image-79\" style=\"border-radius:15px\" srcset=\"https:\/\/mysmart.ba\/wp-content\/uploads\/2025\/11\/SVETLO-ZA-BILJKE-768x1152-1.jpg 768w, https:\/\/mysmart.ba\/wp-content\/uploads\/2025\/11\/SVETLO-ZA-BILJKE-768x1152-1-200x300.jpg 200w, https:\/\/mysmart.ba\/wp-content\/uploads\/2025\/11\/SVETLO-ZA-BILJKE-768x1152-1-683x1024.jpg 683w\" sizes=\"auto, (max-width: 768px) 100vw, 768px\" \/><\/figure>\n\n\n\n<div class=\"wp-block-buttons category-area-btn is-content-justification-center is-layout-flex wp-container-core-buttons-is-layout-a89b3969 wp-block-buttons-is-layout-flex\">\n<div class=\"wp-block-button\"><a class=\"wp-block-button__link has-background-color has-accent-background-color has-text-color has-background has-link-color has-figtree-font-family wp-element-button\" style=\"border-radius:5px;letter-spacing:0px;text-transform:uppercase\"><strong>69,00+pdv<\/strong><\/a><\/div>\n<\/div>\n<\/div>\n\n\n\n<h2 class=\"wp-block-heading has-text-align-center has-black-color has-text-color has-link-color has-figtree-font-family wp-elements-393dac5d0589f58f7dbf77415d43152d\" style=\"font-size:22px;font-style:normal;font-weight:500\">Svijetlo za biljke<\/h2>\n<\/div>\n<\/div>\n\n\n\n<div class=\"wp-block-columns are-vertically-aligned-center is-layout-flex wp-container-core-columns-is-layout-28f84493 wp-block-columns-is-layout-flex\">\n<div class=\"wp-block-column is-vertically-aligned-center is-layout-flow wp-block-column-is-layout-flow\">\n<div class=\"wp-block-group category-area wow pulse animated is-layout-constrained wp-block-group-is-layout-constrained\">\n<figure class=\"wp-block-image size-full has-custom-border\"><img loading=\"lazy\" decoding=\"async\" width=\"768\" height=\"614\" src=\"https:\/\/mysmart.ba\/wp-content\/uploads\/2025\/11\/Punjac-usb-20-768x614-1.jpeg\" alt=\"\" class=\"wp-image-81\" style=\"border-radius:15px;aspect-ratio:1;object-fit:cover\" srcset=\"https:\/\/mysmart.ba\/wp-content\/uploads\/2025\/11\/Punjac-usb-20-768x614-1.jpeg 768w, https:\/\/mysmart.ba\/wp-content\/uploads\/2025\/11\/Punjac-usb-20-768x614-1-300x240.jpeg 300w\" sizes=\"auto, (max-width: 768px) 100vw, 768px\" \/><\/figure>\n\n\n\n<div class=\"wp-block-buttons category-area-btn is-content-justification-center is-layout-flex wp-container-core-buttons-is-layout-a89b3969 wp-block-buttons-is-layout-flex\">\n<div class=\"wp-block-button\"><a class=\"wp-block-button__link has-background-color has-accent-background-color has-text-color has-background has-link-color has-figtree-font-family wp-element-button\" style=\"border-radius:5px;letter-spacing:2px;text-transform:uppercase\"><strong>SHOP NOW<\/strong><\/a><\/div>\n<\/div>\n<\/div>\n\n\n\n<p><\/p>\n\n\n\n<p><\/p>\n\n\n\n<h2 class=\"wp-block-heading has-text-align-center has-black-color has-text-color has-link-color has-figtree-font-family wp-elements-7a7b71066b45312af343e9a0898bb654\" style=\"font-size:22px;font-style:normal;font-weight:500\">USB Punja\u010d 20<\/h2>\n<\/div>\n\n\n\n<div class=\"wp-block-column is-vertically-aligned-center is-layout-flow wp-block-column-is-layout-flow\">\n<div class=\"wp-block-group category-area wow pulse animated is-layout-constrained wp-block-group-is-layout-constrained\"><\/div>\n\n\n\n<h2 class=\"wp-block-heading has-text-align-center has-black-color has-text-color has-link-color has-figtree-font-family wp-elements-187f3005a2b1275df40346ee191ff2fa\" style=\"font-size:22px;font-style:normal;font-weight:500\"><\/h2>\n<\/div>\n\n\n\n<div class=\"wp-block-column is-vertically-aligned-center is-layout-flow wp-block-column-is-layout-flow\">\n<div class=\"wp-block-group category-area wow pulse animated is-layout-constrained wp-block-group-is-layout-constrained\"><\/div>\n\n\n\n<h2 class=\"wp-block-heading has-text-align-center has-black-color has-text-color has-link-color has-figtree-font-family wp-elements-187f3005a2b1275df40346ee191ff2fa\" style=\"font-size:22px;font-style:normal;font-weight:500\"><\/h2>\n<\/div>\n\n\n\n<div class=\"wp-block-column is-vertically-aligned-center is-layout-flow wp-block-column-is-layout-flow\">\n<div class=\"wp-block-group category-area wow pulse animated is-layout-constrained wp-block-group-is-layout-constrained\"><\/div>\n\n\n\n<h2 class=\"wp-block-heading has-text-align-center has-black-color has-text-color has-link-color has-figtree-font-family wp-elements-187f3005a2b1275df40346ee191ff2fa\" style=\"font-size:22px;font-style:normal;font-weight:500\"><\/h2>\n<\/div>\n<\/div>\n\n\n\n<div class=\"wp-block-columns is-layout-flex wp-container-core-columns-is-layout-28f84493 wp-block-columns-is-layout-flex\">\n<div class=\"wp-block-column is-layout-flow wp-block-column-is-layout-flow\">\n<h3 class=\"wp-block-heading has-text-align-center\">Be\u017ei\u010dne svjetiljke \u2013 svjetlost bez ograni\u010denja<\/h3>\n\n\n\n<figure class=\"wp-block-image aligncenter is-resized\"><img decoding=\"async\" src=\"https:\/\/urbangarden.ba\/wp-content\/uploads\/2025\/10\/0-02-05-6326eed0623d830ce3fbad3645603183e83d207529f1cab540f8b9c24f03dc60_481b73d7a603166a-1024x1024.jpg\" alt=\"Be\u017ei\u010dne svjetiljke\" class=\"wp-image-407\" style=\"width:100px\"\/><\/figure>\n\n\n\n<p>Be\u017ei\u010dne svjetiljke donose savr\u0161en spoj&nbsp;<strong>elegancije, prakti\u010dnosti i slobode<\/strong>. Zahvaljuju\u0107i punjivim baterijama i modernom dizajnu, mo\u017eete ih postaviti bilo gdje \u2013 na&nbsp;<strong>terasu, balkon, vrt, no\u0107ni sto\u010di\u0107 ili trpezarijski sto<\/strong>.<\/p>\n\n\n\n<p>Bez kablova, bez brige \u2013 samo&nbsp;<strong>\u010dista atmosfera i ugodna svjetlost<\/strong>.<br>Dostupne su u vi\u0161e stilova: od minimalisti\u010dkih metalnih modela do toplih drvenih i staklenih varijanti koje stvaraju prijatno ambijentalno osvjetljenje.<\/p>\n\n\n\n<p>Savr\u0161ene su za:<br>\u2013 Kafi\u0107e i restorane koji \u017eele elegantan ugo\u0111aj,<\/p>\n\n\n\n<p>\u2013 Poslovne prostore, izloge,<\/p>\n\n\n\n<p>\u2013 Ve\u010dernje dru\u017eenje u ba\u0161ti,<br><br>\u2013 Svakodnevnu upotrebu u domu,<\/p>\n\n\n\n<p>Uz dugotrajnu bateriju i mogu\u0107nost pode\u0161avanja ja\u010dine svjetla, be\u017ei\u010dne svjetiljke su&nbsp;<strong>idealno rje\u0161enje za moderan i fleksibilan prostor<\/strong>.<\/p>\n\n\n\n<p><strong>Garancija na sve ure\u0111aje je 2 godine.<\/strong><\/p>\n\n\n\n<p class=\"has-text-align-center\">NA\u0160 Partner&nbsp;<strong>\u201d Tasteri.rs \u201c<\/strong><\/p>\n\n\n\n<figure class=\"wp-block-image aligncenter wp-duotone-blue-red\"><a href=\"https:\/\/tasteri.rs\/\" target=\"_blank\" rel=\"noreferrer noopener\"><img decoding=\"async\" src=\"https:\/\/urbangarden.ba\/wp-content\/uploads\/2025\/10\/image.png\" alt=\"\" class=\"wp-image-366\"\/><\/a><\/figure>\n\n\n\n<p class=\"has-text-align-center\">Kontakt za Bosnu i Hercegovinu +387 65 236 265<\/p>\n<\/div>\n<\/div>\n\n\n\n<div style=\"height:50px\" aria-hidden=\"true\" class=\"wp-block-spacer\"><\/div>\n<\/div>\n","protected":false},"excerpt":{"rendered":"<p>Be\u017ei\u010dne svjetiljke JB 01 JB 05 JB 09 JB 14 JB 16 Svije\u0107a LED Kocka Zidna Bedside Svijetlo za biljke USB Punja\u010d 20 Be\u017ei\u010dne svjetiljke \u2013 svjetlost bez ograni\u010denja Be\u017ei\u010dne svjetiljke donose savr\u0161en spoj&nbsp;elegancije, prakti\u010dnosti i slobode. Zahvaljuju\u0107i punjivim baterijama i modernom dizajnu, mo\u017eete ih postaviti bilo gdje \u2013 na&nbsp;terasu, balkon, vrt, no\u0107ni sto\u010di\u0107 ili [&hellip;]<\/p>\n","protected":false},"author":1,"featured_media":0,"parent":119,"menu_order":0,"comment_status":"closed","ping_status":"closed","template":"","meta":{"footnotes":""},"class_list":["post-71","page","type-page","status-publish","hentry"],"_links":{"self":[{"href":"https:\/\/mysmart.ba\/index.php\/wp-json\/wp\/v2\/pages\/71","targetHints":{"allow":["GET"]}}],"collection":[{"href":"https:\/\/mysmart.ba\/index.php\/wp-json\/wp\/v2\/pages"}],"about":[{"href":"https:\/\/mysmart.ba\/index.php\/wp-json\/wp\/v2\/types\/page"}],"author":[{"embeddable":true,"href":"https:\/\/mysmart.ba\/index.php\/wp-json\/wp\/v2\/users\/1"}],"replies":[{"embeddable":true,"href":"https:\/\/mysmart.ba\/index.php\/wp-json\/wp\/v2\/comments?post=71"}],"version-history":[{"count":1,"href":"https:\/\/mysmart.ba\/index.php\/wp-json\/wp\/v2\/pages\/71\/revisions"}],"predecessor-version":[{"id":82,"href":"https:\/\/mysmart.ba\/index.php\/wp-json\/wp\/v2\/pages\/71\/revisions\/82"}],"up":[{"embeddable":true,"href":"https:\/\/mysmart.ba\/index.php\/wp-json\/wp\/v2\/pages\/119"}],"wp:attachment":[{"href":"https:\/\/mysmart.ba\/index.php\/wp-json\/wp\/v2\/media?parent=71"}],"curies":[{"name":"wp","href":"https:\/\/api.w.org\/{rel}","templated":true}]}}